the prime factors of r?
51787
Let c(d) = -d**3 + 8*d**2 - 9. Let x be c(8). List the prime factors of ((-822)/(-4) - x/(-9))*2.
409
Let b = -8059 + 23012. List the prime factors of b.
19, 787
Let c(i) = -i**3 + 14*i**2 + 16*i - 11. Let g be c(15). Suppose -g*y - 3*x + 2 = 0, -y = -2*x + 1 - 7. Suppose y*t - 35 - 37 = 0. List the prime factors of t.
2, 3
Let f(h) = -2*h**3 + 31*h**2 - 13*h - 16. Let b be f(13). Suppose 5*i - v = -640, -5*i + 2*v - b + 25 = 0. Let n = 201 + i. What are the prime factors of n?
2, 3
Let s be 1/(-6) + 0 + (-546)/(-36). Suppose 0 = 17*i - s*i - 130. Suppose i*x = 66*x - 155. What are the prime factors of x?
5, 31
List the prime factors of 82*(-7)/(84/(-1668)).
2, 41, 139
Suppose -g - 74 = -4*c, -5*c + g + 61 = -31. Suppose -2197 = -c*l + 2141. What are the prime factors of l?
241
Suppose -3*w + 7*w + 6432 = 0. Let p = -990 - w. What are the prime factors of p?
2, 3, 103
Suppose -4*h - 5 = -3*v + 1, -v + 12 = 2*h. Suppose 414 + 54 = -v*b. Let s = b + 123. What are the prime factors of s?
3, 5
Let a = -9121 - -13298. What are the prime factors of a?
4177
Let f = -54 + 111. Let p = f + -55. Suppose 3*g - 3*l = 69, -3*g + 3*l + 69 = -p*l. List the prime factors of g.
23
Suppose 2*k - 5 = 5*b, -3*k + 14*b - 17*b - 3 = 0. Suppose -3*d + 545 = 2*u - u, k = u + 4. What are the prime factors of d?
3, 61
Let d = 57 + 4. Let z = -50 + d. Suppose 6 = 8*l - z*l, 2*i - 214 = -l. List the prime factors of i.
2, 3
Let b(s) = 6*s - 17*s**2 + 2*s**2 + 3 - s**3 + 4 + 3. Let h be b(-18). What are the prime factors of h/5 + (-2)/(-10)?
5, 7
Let i = 66 + -62. Suppose -8*r + 7*r = -3*p - 2, i*r - 3*p - 8 = 0. Suppose -4*z = 3*j - 1181, -576 - 17 = -r*z + j. What are the prime factors of z?
2, 37
Suppose -2*n = 2*u - 4, 4 = -5*u + 3*n + 30. Let s(g) = g**2 + 4*g - 4*g + 6*g - 2 - u*g. List the prime factors of s(-7).
3, 11
Suppose 0 = 2*q + 2*x - 68, 3*q - 2*x - 19 = 2*q. Let p = q + -24. Suppose -6*r = 5*w - r - 100, p*w - r - 106 = 0. List the prime factors of w.
3, 7
What are the prime factors of ((348/(-30))/(9/15))/((-86)/143319)?
11, 29, 101
Let c(h) = h**2 + 2*h + 1. Let f(a) = -417*a**2 - 1. Let v(w) = 3*c(w) - f(w). List the prime factors of v(-1).
2, 11, 19
What are the prime factors of (-4)/12 - (5/4 + (-294652)/48)?
17, 19
Suppose 0 = 14*x - 7*s + 6*s - 345672, -4*x + 98754 = -5*s. List the prime factors of x.
24691
List the prime factors of (1*-374)/((-29)/261).
2, 3, 11, 17
Let d(x) = 39*x**3 - 5*x**2 + 2*x + 9. Let c be d(4). Suppose 587 + c = -4*m. What are the prime factors of m/(-5) + (3 - -1)?
5, 31
Suppose -100 = -i - g, 7*i - 4*i + 2*g = 295. List the prime factors of i.
5, 19
Let g = -517 + 489. Let t(s) = -8*s + 199. List the prime factors of t(g).
3, 47
Let q(b) = 235*b - 2. Suppose 5*m + 5*n = 0, 0*n = -5*m + 2*n + 14. List the prime factors of q(m).
2, 3, 13
Let w(n) = 15*n**2 + 159*n - 578. What are the prime factors of w(40)?
2, 14891
Let g(j) = 16*j**2 + j + 5. Let l be g(-4). Let y be 2814/140 - 13 - 4/40. Let z = l - y. List the prime factors of z.
2, 5
Let k = 3861 - 1908. List the prime factors of k.
3, 7, 31
Let a(l) = 15*l - 38*l**2 + 20*l**2 - 1 + 21*l**2. List the prime factors of a(-10).
149
Let t(x) = -2*x**2 - 12*x - 13. Let d be t(-4). Let s(i) = 87*i + 60. What are the prime factors of s(d)?
3, 107
Let o(s) = 17*s**3 + s**2 + s - 1. Let q be o(1). Let l be 9/2 + 9/q. Suppose 6*a - l*c = 3*a + 19, -5*c = a + 7. List the prime factors of a.
3
Let z(d) = -302*d**3 - 24*d**2 + d + 25. List the prime factors of z(-5).
2, 3, 5, 7, 59
Let f(u) = 2*u**2 - 20*u + 7. Suppose 4*j = 5*j - 11. Let i be f(j). Suppose 2*d - i = 117. List the prime factors of d.
73
What are the prime factors of (-7 + -6 - -19)*3783/6?
3, 13, 97
Suppose 0 = -57*v + 181473 + 89220. List the prime factors of v.
3, 1583
Let w = 4 - -13. Let q = w - 31. Let s = q + 24. What are the prime factors of s?
2, 5
Suppose -15*q + 1348190 = 311150. List the prime factors of q.
2, 29, 149
Let n(t) = 1764*t + 887. What are the prime factors of n(5)?
17, 571
Suppose 3*k - 24 = 6*k. Let v be (-3 - k)/(-5)*(-3)/1. List the prime factors of v/6 + 455/10.
2, 23
Suppose -2*g - 14 - 4 = -2*c, -42 = -3*c - 2*g. Suppose -c*b = -3*b + 360. What are the prime factors of 1905/b*-2 + 3/(-12)?
5, 19
Suppose 0 = -48*s + 205 - 61. Let l(x) = 173*x**2 + x - 6. List the prime factors of l(s).
2, 3, 7, 37
Let k = -2045 - -6145. What are the prime factors of k?
2, 5, 41
Let h be (-92)/5*(-3 + (-32)/(-4)). Let s = 161 + h. List the prime factors of ((-6)/(-4))/(s/1426).
31
Let b be (-1)/(-3) + 746/3. Suppose 0 = 2*c - 287 - b. What are the prime factors of c?
2, 67
Let i be ((-6)/4)/(429/26 + -15). Suppose -12 + 47 = -3*p + j, -3*p - 2*j - 47 = 0. List the prime factors of (3 + p)/(i/4).
2, 5
Suppose -24*b + 1576918 = -186074. Suppose 4*d = 46*d - b. List the prime factors of d.
3, 11, 53
Suppose 3*s - 4 = -2*w, 5*w - 10 = -s - 0*s. Suppose s = -j + 314 + 505. Suppose j = 5*o + 289. List the prime factors of o.
2, 53
Let u(w) = -w - 303 + w**3 - 5*w**2 + 303. Let h be u(5). What are the prime factors of ((-136)/12)/(2/(-1 + h))?
2, 17
Let r = 13016 - 8076. What are the prime factors of r?
2, 5, 13, 19
Let g(x) = -x**3 - 13*x**2 - 5*x + 5. Let n be g(-13). Let f = 15 + -10. Suppose -2*u + 3*u - 83 = -f*s, 4*s - u - n = 0. What are the prime factors of s?
17
Suppose u = 5*n - 2488, 0*u + u = -n + 494. Suppose 6*x - 2975 = -n. What are the prime factors of x?
7, 59
List the prime factors of (2858/(-14) + 7)/((-6)/735).
2, 3, 5, 7, 23
Let n(f) = 2462*f - 11167. List the prime factors of n(31).
5, 83, 157
Let h = -6240 + 6695. What are the prime factors of h?
5, 7, 13
List the prime factors of 1468 - (-12 + 2 - -4).
2, 11, 67
Let s(h) = -h**3 - 13*h**2 - 21*h - 52. Let u be s(-14). What are the prime factors of 1*(u + (12 - 6))?
2, 3, 37
Let p(c) = 2*c + 18*c - 10 - 6 - 1 + 5 + c**2. What are the prime factors of p(13)?
3, 139
Let o(d) be the third derivative of d**5/30 + 5*d**4/6 - 59*d**3/6 - 4*d**2 + 36. List the prime factors of o(10).
11, 31
List the prime factors of 9753/4*(0 - 3*(-24)/27).
2, 3251
Suppose 2*n - 3*g = g - 6, 4*n - 2*g = -18. What are the prime factors of -63*(12/(-112))/(n/(-120))?
2, 3
Suppose -2*x - 3 = 3*d - 1, -5*d = 3*x + 3. List the prime factors of (x - ((-1568)/12)/(-4))*-12.
2, 101
Let j = 40194 + 34945. What are the prime factors of j?
29, 2591
Let f = -72 - -83. Suppose f*l - 1034 = 165. List the prime factors of l.
109
Suppose 12*t + 0*t - 60 = 0. What are the prime factors of (t - 33 - 5)*-6?
2, 3, 11
Let c = 80 + -78. Suppose 8*x - 5*x + 285 = 3*h, 3*x + 187 = c*h. Let i = h + -76. List the prime factors of i.
2, 11
Let q = 72 + -87. Let w be 293 - ((-25)/q + (-1)/(-3)). Let r = -23 + w. List the prime factors of r.
2, 67
Let v(f) = 2688*f**2 - 155*f + 570. What are the prime factors of v(5)?
5, 13399
Let m = 24682 + -14975. List the prime factors of m.
17, 571
Let g(b) = -2*b + 35. Let d be g(-6). Let w(y) = d*y + 23*y + 11 - 43. What are the prime factors of w(4)?
2, 31
Let f(t) = -t**2 - 21*t - 31. Let n be f(-19). Suppose n = j - c, -11 = -2*j - 3*j - 3*c. What are the prime factors of (j/8)/(2/136)?
2, 17
Suppose -5*u = -18*u + 21164. Let f = 2619 - u. What are the prime factors of f?
991
Let y(i) = -2*i**3 - 26*i**2 + 8*i - 54. Let s be y(-14). What are the prime factors of ((-54)/9 + 21)*s/3?
2, 5, 113
Let m(k) = 2*k**2 + 20*k - 2. Let n be m(-15). Let j = n - 111. What are the prime factors of j?
37
Suppose 55*l - 51*l = n - 12062, 0 = -5*n - 5*l + 60310. What are the prime factors of n?
2, 37, 163
Suppose -21*d + 22*d = 2, 4*j - 4*d + 36 = 0. What are the prime factors of (-115)/3*(j - (5 - -3))?
5, 23
Let y = -493 - -703. Let h = 631 - y. What are the prime factors of h?
421
Let g be 9/((-27)/2)*-3. Suppose -23 = -x + 4*s - 0*s, -x = s + g. Suppose 981 = 5*u - 3*v, x*v - 2*v = -4*u + 778. What are the prime factors of u?
3, 5, 13
Suppose 4*o - 60 = 2*t, 4*t - 57 = -5*o + 5. Suppose m - o*m = -2119. What are the prime factors of m?
163
Let x(a) = a**3 + 14*a**2 + 5*a - 16. Let b be x(-13). Let w = -34 + 47. Let n = b - w. List the prime factors of n.
3, 5
Let k = 661 - 656. Suppose -3561 = -4*p + t, -2*t + 4445 = k*p + 3*